ppose -60 = r*q - 8*q. Is q prime?
False
Is (-5566)/(-10) - (-28)/70 prime?
True
Let o = -82 - -231. Is o a composite number?
False
Let y = 5 - 3. Suppose y*g = 4*g - 74. Is g prime?
True
Let b be (0/1 + 0)/(-1). Let s(a) = 2*a - 21. Let d(x) = -3*x + 21. Let f(p) = -3*d(p) - 4*s(p). Is f(b) a composite number?
True
Let l(p) = -p**3 - 6. Let m be l(0). Is 2/m*(-350 - -5) composite?
True
Suppose 0 = -2*r - 3*r + 165. Suppose 0 = 5*n - 8*n + r. Suppose -5*v + 804 = -n. Is v a prime number?
True
Suppose 3*h - 12 = h. Let s(o) = 6*o**3 - o**2 + 5*o - 12. Let t(w) = -w**3 - w**2 + w + 1. Let a(j) = s(j) + 5*t(j). Is a(h) composite?
False
Let x = 7 - -3. Let k(o) = 8*o - 1. Is k(x) a composite number?
False
Let c(z) be the second derivative of 0 - 1/6*z**3 + 0*z**2 - 13/10*z**5 - 1/6*z**4 + z. Is c(-1) prime?
False
Suppose -3*p + 4*p - 2 = 0. Suppose p*l + 1 = -1. Is (79/4)/(l/(-4)) composite?
False
Let d(z) = 3*z**3 - 4*z**2 - z - 167. Let x(f) = -5*f**3 + 7*f**2 + 2*f + 333. Let v(c) = 7*d(c) + 4*x(c). Let u = 0 - 0. Is v(u) composite?
False
Let f be 33/9 + 2/6. Suppose 0 = -3*r - f*n + 89, -3*r + n + n = -59. Is r composite?
False
Let y(s) = -s**3 + 11*s**2 + 3*s + 11. Is y(10) a prime number?
False
Let b = -4 - -6. Let i(r) = r**b + 5*r - 7 - 4*r + 0. Is i(-7) composite?
True
Is ((-264)/(-9) + 3)*3 a prime number?
True
Suppose 19 = -y + 168. Is y composite?
False
Suppose 0 = 2*h - 5*q - 803, 3*q + 1212 = 3*h - 2*q. Is h a prime number?
True
Suppose -2*u - u + 516 = 0. Suppose 0 = -4*h - u + 3976. Suppose -2*l + 5*l = h. Is l prime?
True
Let y = -14 - -19. Suppose -111 = -y*w - 1. Is w a composite number?
True
Suppose 0*r = 5*r - 435. Let z = r + -50. Suppose -y + 29 = -c, 0 = -y - 3*c - 0*c + z. Is y prime?
True
Suppose 3*p - 41 - 350 = -5*x, -p + 121 = -3*x. Is p a prime number?
True
Suppose -4*u + 207 + 681 = 4*f, -4*u + 896 = -4*f. Is u a composite number?
False
Let h(u) = -2*u + 6*u - 3*u - 43. Let i be h(0). Let x = i - -108. Is x a composite number?
True
Suppose -71218 = -21*h + 7*h. Is h a composite number?
False
Suppose -k = -2*t - 339, 5*t + 9 + 16 = 0. Is k composite?
True
Suppose -14295 = -5*x + 5*s, 0 = 5*x + s - 0*s - 14295. Is x a prime number?
False
Let b = 15 - 10. Suppose -y - 5*s = -b*y + 40, y + 11 = -4*s. Suppose -y*k + 68 = z, -z - 1 = k - 13. Is k composite?
True
Let o(r) be the second derivative of -r**3/6 + 3*r**2 + r. Is o(-5) composite?
False
Suppose 2*g + 3*s + 7 = 27, -4*g + 4*s + 40 = 0. Let i = 8 + -5. Suppose -i*z + 241 = g. Is z a prime number?
False
Suppose -p + 308 = -5. Suppose 5*c + 5*a - p = a, 3*c - 193 = -5*a. Let o = 140 - c. Is o a composite number?
False
Suppose 151 = 2*b + 3*q, -q - 217 + 18 = -3*b. Suppose -2*s = 5*p - 41, 164 = 4*s - 4*p + b. Is s a prime number?
True
Let s = -4 + 1. Let j = -68 - -24. Is s/((-24)/(-14))*j prime?
False
Suppose 3*x - 2*n - 3146 = -3*n, -4198 = -4*x + 2*n. Is x a composite number?
False
Suppose y = 769 + 1225. Is y a composite number?
True
Let n = 713 - 502. Is n a composite number?
False
Let k(v) = -4*v - 3. Let t be k(-4). Is t/2 + 6/12 a composite number?
False
Suppose 0 = 5*d + 6 + 4, o + 2*d = 207. Is o prime?
True
Suppose 14*t = 19*t - 2935. Is t composite?
False
Let j be (6/8)/(2/(-16)). Let r = 32 + -53. Is j/(-9)*r/(-2) a composite number?
False
Let i(w) = -62*w**2 + w. Let f be i(-1). Is 0 - f - (-2 + 0) a composite number?
True
Suppose -4*c = -2912 - 1028. Is c composite?
True
Suppose -3*x + s + 925 = 2*s, 2*x - 2*s = 606. Suppose -2*i + 3*i = x. Is i composite?
False
Suppose -2*w + 12 = 4*x, -3*w + 4*x + 19 = 1. Suppose 3*v - w*v = 0. Suppose v = -2*b + 116 - 42. Is b composite?
False
Let d(g) = 474*g**2 + 2*g + 1. Is d(2) a prime number?
True
Let a(i) = -i**3 - 7*i**2 + 13*i + 7. Let l be a(-9). Suppose -l = -j + 6. Is j composite?
True
Let k(x) = 259*x - 1. Let z be k(1). Let f = z + -150. Is 1/(f/106 + -1) a composite number?
False
Let u(i) = 3*i**2 + 3*i - 5. Is u(-9) a composite number?
False
Let i be (-1)/5 + 15030/25. Suppose x = -4*u + 473, 5*u + 0*x - i = 2*x. Is u composite?
True
Suppose 5*b + 2*c - 2160 = -2*c, 864 = 2*b + 2*c. Suppose -w + b = -4*l - 23, w - l = 464. Is w a prime number?
True
Let z(f) = -60*f**3 + f**2 + 2*f - 1. Is z(-2) prime?
True
Let j(z) = 10*z**2 - 2*z + 3. Let s(o) = o**2 - o. Let t be s(1). Let n = 2 + t. Is j(n) a composite number?
True
Let t(h) = 471*h. Let k be t(-6). Is 1/4 - k/24 composite?
True
Let w = 8 + -6. Let i(s) = -4 + 5 + s**w + 0 - 2. Is i(2) prime?
True
Let f(y) = -56*y + 15. Is f(-11) a prime number?
True
Suppose 7160 = 4*j + 4*j. Is j a composite number?
True
Let s = 10 - 6. Suppose -3 = -s*c + 9. Suppose 15 = c*z - 3. Is z prime?
False
Suppose 0 = 2*n + f - 899 - 473, n = -3*f + 691. Is n composite?
True
Let l(g) = g**2 + 7*g. Let t be (-1 + 8)*(-3)/3. Let h be l(t). Suppose 19 = -h*i + i. Is i prime?
True
Let n be 11*3*4/12. Is (-35)/(-10)*(n + -1) a prime number?
False
Let m(r) be the second derivative of -r**5/20 + 2*r**4/3 - r**3/3 - 7*r**2/2 - 6*r. Let j be (2 + 8/(-10))*5. Is m(j) a composite number?
False
Suppose -251 = -2*h + 195. Is h a composite number?
False
Suppose 4*o - 6 = 2*o, -2*u = -5*o + 3. Suppose -u*n + 111 = -3*n. Is n a composite number?
False
Is (1610/(-20))/(1/(-2)) a composite number?
True
Let c be 238624/(-40) - (-2)/(-5). Let k be 1/(-2) + c/4. Is (2 + -3)/(4/k) prime?
True
Let r be (-7)/(-4) - (-2)/8. Let s(c) be the second derivative of 5*c**3/3 + c**2/2 - c. Is s(r) prime?
False
Suppose 3*r + 5*m - 74 = 0, m = -3*m - 20. Let i be 1/(-4) + 939/12. Suppose i + r = 3*w. Is w a composite number?
False
Suppose 2*p - 485 - 407 = 0. Is p a prime number?
False
Let p(r) = 20*r**3 + 2*r**2 - 2*r + 1. Let f be p(1). Suppose 0 = -6*x + 3*x + 102. Suppose -o = -x - f. Is o a composite number?
True
Let a(k) = -k**2 + 6*k - 3. Let o be a(4). Suppose -o*w + 10 = -3*g, 6 = -5*g + 2*w + 2. Suppose -h = 0, g*y = -2*y - 5*h + 110. Is y composite?
True
Let r = -736 + 1062. Is r a composite number?
True
Let i = -18 + 33. Is i a prime number?
False
Let d(v) = 5*v**3 + v**2 - v + 6. Let k(l) = 9*l**3 + l**2 - 3*l + 11. Let i(p) = 7*d(p) - 4*k(p). Suppose 2*f = 3 + 3. Is i(f) a composite number?
False
Let d = 63 + -10. Is d prime?
True
Let f = -27 - -245. Let h = f - 119. Let o = h + -48. Is o prime?
False
Let o(f) be the second derivative of -f**5/20 - 2*f**4/3 - 4*f**3/3 + 5*f**2 - 2*f. Is o(-9) a composite number?
False
Let j = 3 - -1. Let c be (j/12)/(3/4257). Suppose 4*i + 109 = c. Is i prime?
False
Is 103*2*14/28 a composite number?
False
Let c = 471 - -20. Is c prime?
True
Let i be (4/(-6))/(6/9). Is -3 - -38 - (i - 1) a composite number?
False
Let w be 63/12 - 4/16. Let s = -5 + w. Suppose -3*n = 3, 3*n - 124 = -s*q - q. Is q a composite number?
False
Suppose c = 5*h + 1212, -2*h + 3197 = 4*c - 1673. Is c a prime number?
True
Let m = 8 - 0. Let l be 76/m + 2/4. Is ((-14)/l)/(6/(-30)) composite?
False
Let z(q) be the first derivative of 2*q**3/3 - 3*q**2 - 3*q + 1. Let b = 20 + -12. Is z(b) composite?
True
Let q(r) = 2*r**3 - 9*r**2 - 8*r - 3. Let d(u) = -u**2 + 1. Let k(l) = -2*d(l) + q(l). Suppose 5*g = -0*g + 30. Is k(g) a prime number?
True
Is 2*(1 + (-225)/(-6)) composite?
True
Let u = 6 - 0. Suppose 0 = -a + 2, c - a + 2077 = u*c. Is c composite?
True
Let y = -2997 + 5146. Is y a composite number?
True
Suppose 109 = i + 3*v - 4*v, 4*v = 3*i - 326. Suppose 3*a - i = a. Is a composite?
True
Let b = -5 - -9. Suppose -2*v + 502 = -b*n, 1273 = 5*v + n - 5*n. Is v prime?
True
Let g be (-39)/(-12) - (-1)/(-4). Suppose 0 = -4*o + g + 9. Suppose 0 = -4*w + o*w + 5, -4*v = 4*w - 240. Is v a composite number?
True
Suppose -2*f + 58 = 18. Suppose -f = -y + 17. Is y a composite number?
False
Let b(h) = -2*h - 8. Let x be b(-5). Suppose -x*g + 106 = -g. Is g prime?
False
Let r be (6/(-8))/((-3)/12). Let l be (-22)/(-14) + 9/21. Suppose r*y + l*y = 395. Is y composite?
False
Let l(y) = y**2 - 6*y - 3. Let v be l(6). Let i be 0/(1*v - -2). Suppose i*h = -5*b - 4*h + 295, 4*b = 4*h + 200. Is b a prime number?
False
Is (-3 + 1252/8)*2 composite?
False
Let n be 33/5 - 8/(-20). Let l be (-3)/(((-63)/6)/n). Suppose 0 = z + 4, 5*v - 742 - 40 = -l*z. Is v a prime number?
False
Let n(w) = -6*w - 11. Supp